Is 105848790862 a composite number?
True
Is 315779063 composite?
True
Is 2563220689 composite?
False
Is 368278657 composite?
False
Is 1178122111 prime?
True
Is 36994033273 a composite number?
True
Is 229915729553 a composite number?
False
Is 130480032373 a composite number?
False
Is 401750287 composite?
True
Is 21750327097 prime?
False
Is 11291448757 prime?
False
Is 92323599449 prime?
True
Is 9113611399 a composite number?
False
Is 340272661 composite?
False
Is 227158717 prime?
True
Is 5395287983 composite?
False
Is 2321302429 prime?
True
Is 159293083 composite?
False
Is 39620543051 a composite number?
True
Is 149823593651 prime?
True
Is 46348645067 a prime number?
True
Is 1201173355 prime?
False
Is 4547434997 composite?
True
Is 1211566927 prime?
True
Is 5841457877 composite?
True
Is 16420225789 prime?
False
Is 70969327437 a prime number?
False
Is 21901600841 composite?
False
Is 856750540837 composite?
False
Is 29490443 prime?
False
Is 9992913811 a composite number?
True
Is 906228721 a prime number?
True
Is 1135505977 composite?
True
Is 15369131329 composite?
False
Is 4107342269 prime?
False
Is 3588822287 a prime number?
False
Is 345250091 composite?
False
Is 4892130869 a composite number?
True
Is 249687437 prime?
True
Is 1152360897 a prime number?
False
Is 1867139591 a prime number?
True
Is 52161077 a prime number?
True
Is 8541864169 composite?
True
Is 5549383527 composite?
True
Is 291435071 composite?
False
Is 1192552279 a composite number?
False
Is 98940847 a composite number?
True
Is 1005099451 composite?
True
Is 254577223 a prime number?
False
Is 22651728481 a prime number?
True
Is 680497837 prime?
True
Is 5263150523 composite?
False
Is 29403996565 prime?
False
Is 3979764541 a composite number?
True
Is 8057120245 composite?
True
Is 1810805179 a composite number?
True
Is 27471976741 composite?
True
Is 20769689 composite?
False
Is 484678941 a prime number?
False
Is 116094863077 prime?
True
Is 5269270729 prime?
True
Is 1764708731 a prime number?
False
Is 2825488967 prime?
False
Is 3094944961 a prime number?
False
Is 18684303613 composite?
False
Is 3138515729 a composite number?
True
Is 3948048843 a prime number?
False
Is 4280974657 prime?
False
Is 125219821 composite?
True
Is 6571108187 a prime number?
False
Is 6494931817 prime?
False
Is 7304753347 a prime number?
True
Is 6987270679 composite?
True
Is 8089771171 composite?
False
Is 582986669 a prime number?
True
Is 6080512121 a prime number?
False
Is 4202187182 a composite number?
True
Is 3267695687 a composite number?
False
Is 1828325311 a prime number?
True
Is 2655102089 composite?
False
Is 1133206427 prime?
True
Is 12275696419 composite?
True
Is 2703089713 prime?
False
Is 44028925487 composite?
False
Is 599999297 prime?
True
Is 4871642267 prime?
False
Is 743085251 prime?
True
Is 159056981591 composite?
False
Is 43565579509 composite?
False
Is 880164419 prime?
False
Is 6094109557 a composite number?
False
Is 1528756553 composite?
False
Is 773903863 a composite number?
False
Is 2698987873 a composite number?
False
Is 23774691263 a prime number?
False
Is 4932308567 a composite number?
False
Is 22154865007 a prime number?
False
Is 1604378267 a prime number?
False
Is 945215309 composite?
False
Is 683508277 prime?
False
Is 2192922047 a composite number?
False
Is 67536025153 a prime number?
True
Is 3616005781 composite?
False
Is 1106275127 a prime number?
True
Is 32729317823 a prime number?
False
Is 3421731799 a prime number?
True
Is 2781526591 a prime number?
True
Is 629909207 a prime number?
True
Is 8041326341 a composite number?
False
Is 159147223 a prime number?
True
Is 6109502797 composite?
False
Is 6214894823 prime?
True
Is 21267883135 composite?
True
Is 9212553509 prime?
True
Is 5688827735 a prime number?
False
Is 1332586601 composite?
True
Is 3094179523 a composite number?
True
Is 6670133663 prime?
True
Is 2400526339 a composite number?
False
Is 457575799 prime?
True
Is 1833671657 a prime number?
False
Is 70137975023 prime?
True
Is 6410351561 a composite number?
False
Is 22462440879 prime?
False
Is 1963818823 a prime number?
False
Is 4379869147 composite?
True
Is 46873235329 a prime number?
False
Is 1595399023 a prime number?
False
Is 1046712239 a composite number?
False
Is 2243618261 a prime number?
False
Is 4702768251 prime?
False
Is 260555930603 composite?
False
Is 11216796982 composite?
True
Is 42023086577 composite?
False
Is 206973367 a prime number?
False
Is 45864757 composite?
False
Is 433408333 composite?
False
Is 6076381723 a composite number?
True
Is 13923119021 composite?
True
Is 769914589 a prime number?
False
Is 3666388123 prime?
True
Is 63291277 prime?
False
Is 37877671417 prime?
False
Is 211252123 composite?
False
Is 11647242979 prime?
True
Is 20618285503 prime?
False
Is 240283621 prime?
False
Is 1850956103 a composite number?
False
Is 26904713023 composite?
True
Is 6283894267 prime?
False
Is 3737423227 composite?
True
Is 2742317 composite?
False
Is 5412332269 prime?
True
Is 18317483 a composite number?
True
Is 53993996081 prime?
False
Is 259300001 prime?
True
Is 1271927158 a prime number?
False
Is 13694797621 composite?
False
Is 36538516337 a prime number?
False
Is 5387897513 prime?
True
Is 2650386671 composite?
True
Is 47127885257 a prime number?
True
Is 18707624129 composite?
True
Is 19658843194 a prime number?
False
Is 273660929 composite?
False
Is 2373639761 composite?
True
Is 3039706411 a composite number?
True
Is 1259156611 a prime number?
True
Is 15607427053 a prime number?
False
Is 44074696357 a prime number?
False
Is 5846531797 a prime number?
True
Is 26323973831 prime?
True
Is 6626801261 prime?
True
Is 670034891 a prime number?
True
Is 180735991 a composite number?
True
Is 2964064407 a prime number?
False
Is 1619067997 prime?
False
Is 4103268473 prime?
True
Is 224263451 composite?
False
Is 52252206319 prime?
True
Is 277484249 a prime number?
False
Is 999346663063 composite?
True
Is 570830739 prime?
False
Is 2121927791 a composite number?
False
Is 970778993 prime?
False
Is 1232223841 prime?
True
Is 2481894773 a composite number?
True
Is 4473542597 a prime number?
True
Is 16488269047 prime?
True
Is 6635042409 composite?
True
Is 5401533079 a prime number?
True
Is 270823428087 a composite number?
True
Is 97630487 prime?
False
Is 133607161541 prime?
False
Is 6524935531 prime?
True
Is 8373375169 composite?
True
Is 177307201 composite?
False
Is 238567619 composite?
True
Is 60644635913 prime?
True
Is 16043392307 composite?
True
Is 95191597 prime?
False
Is 1427229277 composite?
False
Is 962632942 a composite number?
True
Is 9567066889 composite?
True
Is 12151063 composite?
False
Is 1659374449 prime?
False
Is 2911444373 a prime number?
False
Is 2378980997 a prime number?
False
Is 8518936967 prime?
True
Is 64445176077 prime?
False
Is 819358607 prime?
True
Is 5187532607 a prime number?
True
Is 3776565131 a prime number?
False
Is 13875140681 prime?
True
Is 11567468279 a composite number?
True
Is 555824671 a composite number?
True
Is 8764514569 a prime number?
True
Is 9277159477 a prime number?
True
Is 1601326891 composite?
True
Is 693149077 a prime number?
False
Is 77371383491 a prime number?
True
Is 216782173 prime?
False
Is 9058122355 a prime number?
False
Is 1284103387745 a composite number?
True
Is 5142308817 prime?
False
Is 42114044783 composite?
False
Is 89873295527 prime?
True
Is 56293086307 a composite number?
True
Is 962970703 a composite number?
False
Is 1869821453 composite?
False
Is 22899807187 a composite number?
True
Is 1127977373 a composite number?
False
Is 4176151277 prime?
True
Is 9641588989 composite?
False
Is 30051619009 a prime number?
False
Is 6840648601 composite?
True
Is 8143019663 a composite number?
False
Is 15240919657 composite?
True
Is 518855681 prime?
True
Is 365277271 a prime number?
False
Is 10006149943 prime?
False
Is 12953843257 a prime number?
True
Is 45738310979 a composite number?
True
Is 53237899031 composite?
True
Is 9446968049 a prime number?
True
Is 72773851 composite?
True
Is 3012107771 a composite number?
True
Is 2920738273 a composite number?
True
Is 7936161317 a composite number?
True
Is 1882626661 a composite number?
True
Is 13319337487 composite?
False
Is 47776118053 a prime number?
False
Is 403633601911 a composite number?